{"id":4639,"date":"2021-06-16T07:46:56","date_gmt":"2021-06-16T07:46:56","guid":{"rendered":"https:\/\/acetik.rs\/?page_id=4639"},"modified":"2021-07-13T09:52:34","modified_gmt":"2021-07-13T09:52:34","slug":"proizvodni-program","status":"publish","type":"page","link":"https:\/\/acetik.rs\/index.php\/proizvodni-program\/","title":{"rendered":"PRODAJNI PROGRAM"},"content":{"rendered":"<p>[vc_row][vc_column][vc_column_text el_class=&#8220;lista&#8220;]Na\u0161 prodajni program obuhvata:<\/p>\n<p>&nbsp;<\/p>\n<p>Prehrambena sir\u0107etna kiselina 80% (brend Tesli\u0107ka esencija)<\/p>\n<ul>\n<li>konzumna pakovanja: \u00a0230 ml,\u00a0 460 ml i 920 ml<\/li>\n<li>industrijska pakovanja : bure 50 kg \u00a0i \u00a0IBC kontejner 1.000 kg<\/li>\n<\/ul>\n<p>&nbsp;<\/p>\n<p>Tehni\u010dka sir\u0107etna kiselina 80%<\/p>\n<ul>\n<li>bure 50 kg<\/li>\n<li>IBC kontejner 1.000 kg<\/li>\n<\/ul>\n<p>&nbsp;<\/p>\n<p>Briket za ro\u0161tilj<\/p>\n<ul>\n<li>pakovanje 2,5 kg<\/li>\n<li>pakovanje 10 kg<\/li>\n<li>pakovanje 25 kg<\/li>\n<\/ul>\n<p>&nbsp;<\/p>\n<p>Drveni ugalj (\u0107umur) za ro\u0161tilj<\/p>\n<ul>\n<li>pakovanje 2,5 kg<\/li>\n<li>pakovanje 10 kg<\/li>\n<\/ul>\n<p>&nbsp;<\/p>\n<p>Pra\u0161ak za cementaciju \u010delika<\/p>\n<ul>\n<li>pakovanje 20 kg<\/li>\n<\/ul>\n<p>&nbsp;<\/p>\n<p>Po potrebi a u dogovoru sa HI \u201eDestilacija\u201c mogu se raditi i pakovanja po \u017eelji kupca za brikete i drveni ugalj (\u0107umur).[\/vc_column_text][\/vc_column][\/vc_row]<\/p>\n","protected":false},"excerpt":{"rendered":"<p>[vc_row][vc_column][vc_column_text el_class=&#8220;lista&#8220;]Na\u0161 prodajni program obuhvata: &nbsp; Prehrambena sir\u0107etna kiselina 80% (brend Tesli\u0107ka esencija) konzumna pakovanja: \u00a0230 ml,\u00a0 460 ml i 920 ml industrijska pakovanja : bure 50 kg \u00a0i \u00a0IBC kontejner 1.000 kg &nbsp; Tehni\u010dka sir\u0107etna kiselina 80% bure 50 kg IBC kontejner 1.000 kg &nbsp; Briket za ro\u0161tilj pakovanje 2,5 kg pakovanje 10 kg [&hellip;]<\/p>\n","protected":false},"author":1,"featured_media":0,"parent":0,"menu_order":0,"comment_status":"closed","ping_status":"closed","template":"page-templates\/template-fullwidth.php","meta":{"footnotes":""},"class_list":["post-4639","page","type-page","status-publish","hentry"],"_links":{"self":[{"href":"https:\/\/acetik.rs\/index.php\/wp-json\/wp\/v2\/pages\/4639","targetHints":{"allow":["GET"]}}],"collection":[{"href":"https:\/\/acetik.rs\/index.php\/wp-json\/wp\/v2\/pages"}],"about":[{"href":"https:\/\/acetik.rs\/index.php\/wp-json\/wp\/v2\/types\/page"}],"author":[{"embeddable":true,"href":"https:\/\/acetik.rs\/index.php\/wp-json\/wp\/v2\/users\/1"}],"replies":[{"embeddable":true,"href":"https:\/\/acetik.rs\/index.php\/wp-json\/wp\/v2\/comments?post=4639"}],"version-history":[{"count":2,"href":"https:\/\/acetik.rs\/index.php\/wp-json\/wp\/v2\/pages\/4639\/revisions"}],"predecessor-version":[{"id":4727,"href":"https:\/\/acetik.rs\/index.php\/wp-json\/wp\/v2\/pages\/4639\/revisions\/4727"}],"wp:attachment":[{"href":"https:\/\/acetik.rs\/index.php\/wp-json\/wp\/v2\/media?parent=4639"}],"curies":[{"name":"wp","href":"https:\/\/api.w.org\/{rel}","templated":true}]}}