{"id":3522,"date":"2020-12-04T11:35:07","date_gmt":"2020-12-04T11:35:07","guid":{"rendered":"http:\/\/v2.destilacija.net\/?page_id=3522"},"modified":"2021-01-05T07:16:40","modified_gmt":"2021-01-05T07:16:40","slug":"odbor-za-reviziju","status":"publish","type":"page","link":"https:\/\/acetik.rs\/index.php\/odbor-za-reviziju\/","title":{"rendered":"ODBOR ZA REVIZIJU"},"content":{"rendered":"<p>[vc_row][vc_column width=&#8220;1\/4&#8243;][vc_single_image image=&#8220;3859&#8243;][\/vc_column][vc_column width=&#8220;3\/4&#8243;][vc_column_text]<\/p>\n<h4 style=\"text-align: center;\">Radivoje Vukovi\u0107<\/h4>\n<h5 style=\"text-align: center;\">dipl. ecc, predsjednik<\/h5>\n<p>&nbsp;<\/p>\n<p>&nbsp;<\/p>\n<div class=\"service-details\">Ro\u0111en 01.01.1959. godine u selu Pribini\u0107, op\u0161tina Tesli\u0107. Osnovnu i srednju \u0161kolu zavr\u0161io u Tesli\u0107u. Ekonomski fakultet zavr\u0161io u Sarajevu. U HI \u201eDestilacija\u201d a.d. Tesli\u0107 zaposlen od 1984. godine. Prvo je radio u Sektoru plana i analize, kasnije kao komercijalista, a od 2001. godine je rukovodilac Slu\u017ebe uvoza-izvoza. Trenutno obavlja funkciju pomo\u0107nika direktora za op\u0161te poslove i ekonomska pitanja. Od 2001. do 2005. godine bio je predsjednik Nadzornog odbora HI \u201eDestilacija\u201d a.d. Tesli\u0107, a od 2005. godine \u010dlan Upravnog odbora HI \u201eDestilacija\u201d a.d. Tesli\u0107.<\/div>\n<p>.[\/vc_column_text][\/vc_column][\/vc_row][vc_row][vc_column width=&#8220;1\/4&#8243;][vc_single_image image=&#8220;3862&#8243; img_size=&#8220;full&#8220;][\/vc_column][vc_column width=&#8220;3\/4&#8243;][vc_column_text]<\/p>\n<h4 style=\"text-align: center;\">Gordana Drobnjak<\/h4>\n<h5 style=\"text-align: center;\">CFA, dipl. ecc, \u010dlan<\/h5>\n<p>&nbsp;<\/p>\n<p>&nbsp;<\/p>\n<div class=\"service-details\">\n<div class=\"service-details\">\n<p>Diplomirani ekonomista (Ekonomski fakultet Univerziteta u Beogradu 2006. \u2013 smjer finansije, bankarstvo i osiguranje, prosjek 9,33). Stekla zvanje Chartered Financial Analyst 2012. godine. Zavr\u0161ila studije na London School of Commerce maja 2015. godine i stekla zvanje Master of Business Administration (MBA for Executives). Licencu investicionog menad\u017eera, Komisije za hartije od vrijednosti RS stekla novembra 2007. Lincencu ovla\u0161tenog ra\u010dunovo\u0111e Saveza ra\u010dunovo\u0111a i revizora RS stekla novembra 2015. godine.<\/p>\n<p>&nbsp;<\/p>\n<p>Karijeru je zapo\u010dela 2007. godine u \u201eBalkan Investment Bank&#8220; ad Banja Luka na kastodi i brokerskim poslovima. Od januara 2008. prelazi u \u201eHypo Alpe-Adria Bank&#8220; ad Banja Luka u Odjel investicionog bankarstva kao voditelj pododjela corporate finance do septembra 2010. Do januara 2011. radila na poziciji Vi\u0161eg analiti\u010dara u Odjelu glavnog ekonomste \u201eHypo Alpe-Adria Bank&#8220; ad Banja Luka. Od juna 2009. do januara 2011. obavljala funkciju predsjednika Nadzornog odbora \u201eKristal invest fonda&#8220; ad. Od maja 2009. do septembra 2014. \u010dlan Komisije za kotaciju \u201eBanjalu\u010dke berze&#8220; ad.<\/p>\n<p>&nbsp;<\/p>\n<p>Od po\u010detka poslovanja Dru\u0161tva za upravljanje PREF-om RS ad januara 2011. godine radi kao Izvr\u0161ni direktor za ra\u010dunovodstvo, op\u0161te poslove i razvoj. PREF je trenutno najve\u0107i fond u Republici Srpskoj sa imovinom preko 260 miliona KM i vlasni\u010dkim u\u010de\u0161\u0107em u preko 390 akcionarskih dru\u0161tava.<\/p>\n<\/div>\n<\/div>\n<p>[\/vc_column_text][\/vc_column][\/vc_row][vc_row][vc_column width=&#8220;1\/4&#8243;][vc_single_image image=&#8220;3867&#8243;][\/vc_column][vc_column width=&#8220;3\/4&#8243;][vc_column_text]<\/p>\n<h4 style=\"text-align: center;\">Dra\u017een \u0160krebi\u0107<\/h4>\n<h5 style=\"text-align: center;\">\u00a0\u010dlan<\/h5>\n<p>&nbsp;<\/p>\n<p>&nbsp;<\/p>\n<div class=\"service-details\">\n<div class=\"service-details\">\n<p>Ro\u0111en 20.11.1994. godine. Osnovnu \u0161kolu zavr\u0161io u Tesli\u0107u. Gimnaziju zavr\u0161io tako\u0111e u Tesli\u0107u. Diplomu in\u017eenjera Informacionih tehnologija sti\u010de u Banjoj Luci. Zaposlen u \u201e\u0160krebi\u0107 Company&#8220;.<\/p>\n<p>&nbsp;<\/p>\n<\/div>\n<\/div>\n<p>[\/vc_column_text][\/vc_column][\/vc_row][vc_row][vc_column width=&#8220;1\/4&#8243;][\/vc_column][\/vc_row]<\/p>\n","protected":false},"excerpt":{"rendered":"<p>[vc_row][vc_column width=&#8220;1\/4&#8243;][vc_single_image image=&#8220;3859&#8243;][\/vc_column][vc_column width=&#8220;3\/4&#8243;][vc_column_text] Radivoje Vukovi\u0107 dipl. ecc, predsjednik &nbsp; &nbsp; Ro\u0111en 01.01.1959. godine u selu Pribini\u0107, op\u0161tina Tesli\u0107. Osnovnu i srednju \u0161kolu zavr\u0161io u Tesli\u0107u. Ekonomski fakultet zavr\u0161io u Sarajevu. U HI \u201eDestilacija\u201d a.d. Tesli\u0107 zaposlen od 1984. godine. Prvo je radio u Sektoru plana i analize, kasnije kao komercijalista, a od 2001. godine [&hellip;]<\/p>\n","protected":false},"author":1,"featured_media":0,"parent":0,"menu_order":0,"comment_status":"closed","ping_status":"closed","template":"page-templates\/template-fullwidth.php","meta":{"footnotes":""},"class_list":["post-3522","page","type-page","status-publish","hentry"],"_links":{"self":[{"href":"https:\/\/acetik.rs\/index.php\/wp-json\/wp\/v2\/pages\/3522","targetHints":{"allow":["GET"]}}],"collection":[{"href":"https:\/\/acetik.rs\/index.php\/wp-json\/wp\/v2\/pages"}],"about":[{"href":"https:\/\/acetik.rs\/index.php\/wp-json\/wp\/v2\/types\/page"}],"author":[{"embeddable":true,"href":"https:\/\/acetik.rs\/index.php\/wp-json\/wp\/v2\/users\/1"}],"replies":[{"embeddable":true,"href":"https:\/\/acetik.rs\/index.php\/wp-json\/wp\/v2\/comments?post=3522"}],"version-history":[{"count":13,"href":"https:\/\/acetik.rs\/index.php\/wp-json\/wp\/v2\/pages\/3522\/revisions"}],"predecessor-version":[{"id":4187,"href":"https:\/\/acetik.rs\/index.php\/wp-json\/wp\/v2\/pages\/3522\/revisions\/4187"}],"wp:attachment":[{"href":"https:\/\/acetik.rs\/index.php\/wp-json\/wp\/v2\/media?parent=3522"}],"curies":[{"name":"wp","href":"https:\/\/api.w.org\/{rel}","templated":true}]}}

<p>[vc_row][vc_column width=&#8220;1/4&#8243;][vc_single_image image=&#8220;3859&#8243;][/vc_column][vc_column width=&#8220;3/4&#8243;][vc_column_text]</p>
<h4 style="text-align: center;">Radivoje Vuković</h4>
<h5 style="text-align: center;">dipl. ecc, predsjednik</h5>
<p>&nbsp;</p>
<p>&nbsp;</p>
<div class="service-details">Rođen 01.01.1959. godine u selu Pribinić, opština Teslić. Osnovnu i srednju školu završio u Tesliću. Ekonomski fakultet završio u Sarajevu. U HI „Destilacija” a.d. Teslić zaposlen od 1984. godine. Prvo je radio u Sektoru plana i analize, kasnije kao komercijalista, a od 2001. godine je rukovodilac Službe uvoza-izvoza. Trenutno obavlja funkciju pomoćnika direktora za opšte poslove i ekonomska pitanja. Od 2001. do 2005. godine bio je predsjednik Nadzornog odbora HI „Destilacija” a.d. Teslić, a od 2005. godine član Upravnog odbora HI „Destilacija” a.d. Teslić.</div>
<p>.[/vc_column_text][/vc_column][/vc_row][vc_row][vc_column width=&#8220;1/4&#8243;][vc_single_image image=&#8220;3862&#8243; img_size=&#8220;full&#8220;][/vc_column][vc_column width=&#8220;3/4&#8243;][vc_column_text]</p>
<h4 style="text-align: center;">Gordana Drobnjak</h4>
<h5 style="text-align: center;">CFA, dipl. ecc, član</h5>
<p>&nbsp;</p>
<p>&nbsp;</p>
<div class="service-details">
<div class="service-details">
<p>Diplomirani ekonomista (Ekonomski fakultet Univerziteta u Beogradu 2006. – smjer finansije, bankarstvo i osiguranje, prosjek 9,33). Stekla zvanje Chartered Financial Analyst 2012. godine. Završila studije na London School of Commerce maja 2015. godine i stekla zvanje Master of Business Administration (MBA for Executives). Licencu investicionog menadžera, Komisije za hartije od vrijednosti RS stekla novembra 2007. Lincencu ovlaštenog računovođe Saveza računovođa i revizora RS stekla novembra 2015. godine.</p>
<p>&nbsp;</p>
<p>Karijeru je započela 2007. godine u „Balkan Investment Bank&#8220; ad Banja Luka na kastodi i brokerskim poslovima. Od januara 2008. prelazi u „Hypo Alpe-Adria Bank&#8220; ad Banja Luka u Odjel investicionog bankarstva kao voditelj pododjela corporate finance do septembra 2010. Do januara 2011. radila na poziciji Višeg analitičara u Odjelu glavnog ekonomste „Hypo Alpe-Adria Bank&#8220; ad Banja Luka. Od juna 2009. do januara 2011. obavljala funkciju predsjednika Nadzornog odbora „Kristal invest fonda&#8220; ad. Od maja 2009. do septembra 2014. član Komisije za kotaciju „Banjalučke berze&#8220; ad.</p>
<p>&nbsp;</p>
<p>Od početka poslovanja Društva za upravljanje PREF-om RS ad januara 2011. godine radi kao Izvršni direktor za računovodstvo, opšte poslove i razvoj. PREF je trenutno najveći fond u Republici Srpskoj sa imovinom preko 260 miliona KM i vlasničkim učešćem u preko 390 akcionarskih društava.</p>
</div>
</div>
<p>[/vc_column_text][/vc_column][/vc_row][vc_row][vc_column width=&#8220;1/4&#8243;][vc_single_image image=&#8220;3867&#8243;][/vc_column][vc_column width=&#8220;3/4&#8243;][vc_column_text]</p>
<h4 style="text-align: center;">Dražen Škrebić</h4>
<h5 style="text-align: center;"> član</h5>
<p>&nbsp;</p>
<p>&nbsp;</p>
<div class="service-details">
<div class="service-details">
<p>Rođen 20.11.1994. godine. Osnovnu školu završio u Tesliću. Gimnaziju završio takođe u Tesliću. Diplomu inženjera Informacionih tehnologija stiče u Banjoj Luci. Zaposlen u „Škrebić Company&#8220;.</p>
<p>&nbsp;</p>
</div>
</div>
<p>[/vc_column_text][/vc_column][/vc_row][vc_row][vc_column width=&#8220;1/4&#8243;][/vc_column][/vc_row]</p>

<p>[vc_row][vc_column width=&#8220;1/4&#8243;][vc_single_image image=&#8220;3859&#8243;][/vc_column][vc_column width=&#8220;3/4&#8243;][vc_column_text] Radivoje Vuković dipl. ecc, predsjednik &nbsp; &nbsp; Rođen 01.01.1959. godine u selu Pribinić, opština Teslić. Osnovnu i srednju školu završio u Tesliću. Ekonomski fakultet završio u Sarajevu. U HI „Destilacija” a.d. Teslić zaposlen od 1984. godine. Prvo je radio u Sektoru plana i analize, kasnije kao komercijalista, a od 2001. godine [&hellip;]</p>
