{"id":319,"date":"2016-02-25T07:32:50","date_gmt":"2016-02-25T07:32:50","guid":{"rendered":"http:\/\/demo.vegatheme.com\/harmonia\/?page_id=319"},"modified":"2021-06-16T07:56:58","modified_gmt":"2021-06-16T07:56:58","slug":"o-nama","status":"publish","type":"page","link":"https:\/\/acetik.rs\/index.php\/o-nama\/","title":{"rendered":"O NAMA"},"content":{"rendered":"<p>[vc_row fullwidth=&#8220;yes&#8220;][vc_column offset=&#8220;vc_hidden-sm vc_hidden-xs&#8220;]\n\t\t\t\t\n\t\t<div class=\"section\">\t\t\t\n\t\t\t<div class=\" split-right\" style=\"background: url('https:\/\/acetik.rs\/wp-content\/uploads\/2021\/02\/0004_Stranica_01_Colorized.jpg') ;\">\n\t\t\t\t\t\t\t\t\n\t\t\t\t\n\t\t\t\t\t\n\t\t\t\t\t<div class=\"split-text-wrap\">\t\t\t\t\t\t\t\t\t\t\t\n\t\t\t\t\t\t<div class=\"play-video\">\n\t\t\t\t\t\t\t<p><\/p>\n\t\t\t\t\t\t\t<a href=\"https:\/\/www.youtube.com\/embed\/QBCSnu1cheY\" class=\"fancybox  fancybox.iframe\"><div class=\"button icon-control-play\"><\/div><\/a>\n\t\t\t\t\t\t<\/div>\t\n\t\t\t\t\t<\/div>\t\t\t\t\t\n\t\t\t\t\t\t\t\t\t\t\t\t\t\t\t\t\n\t\t\t<\/div>\n\t\t\t<div class=\"split-right dark-background\" style=\"background-color: #ffffff;\">\n\t\t\t\t\t\t\t\t<div class=\"split-text-wrap\">\n\t\t\t\t\t<div class=\"title-text-center bigger-margin\">\n\t\t\t\t\t\t<h5 style=\"color: #000000;\">MISIJA I VIZIJA<\/h5>\n\t\t\t\t\t\t\t\t\t\t\t<\/div>\n\t\t\t\t\t<p style=\"color: #000000;\"><span class=\"fontstyle0\">Na\u0161a misija je dostaviti kupcima visokokvalitetne proizvode biolo\u0161kog porekla, koriste\u0107i prirodne materijale i resurse. Istovremeno, nastojimo vratiti prirodi uslugu i to na najbolji mogu\u0107i na\u010din &#8211; konstantnom brigom i njenim o\u010duvanjem. Postati lider u proizvodnji i izvozu u regionu je na\u0161a vizija. Kvalitetom proizvoda, ali i odgovornim procesom proizvodnje te po\u0161tovanjem me\u0111unarodnih standarda, \u017eelimo da ostanemo visoko kotirani na regionalnom i evropskom tr\u017ei\u0161tu.<\/span><\/p>\n\t\t\t\t\t\t\t\t\t<\/div>\n\t\t\t<\/div>\n\t\t<\/div>\n\t\n[\/vc_column][\/vc_row][vc_row fullwidth=&#8220;yes&#8220;][vc_column offset=&#8220;vc_hidden-sm vc_hidden-xs&#8220;]\n\t\t\t\t\n\t\t<div class=\"section\">\t\t\t\n\t\t\t<div class=\" split-left\" style=\"background: url('https:\/\/acetik.rs\/wp-content\/uploads\/2020\/11\/0001_Stranica_01_Colorized.png') ;\">\n\t\t\t\t\t\t\t\t\n\t\t\t\t\n\t\t\t\t\t\t\t\t\t\t\t\t\t\t\t\t\n\t\t\t<\/div>\n\t\t\t<div class=\"split-left dark-background\" style=\"\">\n\t\t\t\t\t\t\t\t<div class=\"split-text-wrap\">\n\t\t\t\t\t<div class=\"title-text-center bigger-margin\">\n\t\t\t\t\t\t<h5>ISTORIJA<\/h5>\n\t\t\t\t\t\t\t\t\t\t\t<\/div>\n\t\t\t\t\t<p><span class=\"fontstyle0\">\u00a0Davne 1896. godine izgra\u0111ena je i po\u010dela sa radom HI Destilacija Tesli\u0107. Bila je to prva fabrika u regionu za hemijsku preradu drveta postupkom suve destilacije. Na\u0161a industrija je svojim osnivanjem unela inovativnost i duh napretka, a upravo sa njenim radom zapo\u010dinje i nastanak i formiranje grada Tesli\u0107a, veza\u00a0 koja nikada nije raskinuta. Ponosimo se dugom i bogatom tradicijom kao i \u010dinjenicom da smo odoleli mnogim izazovima i nastavili sa radom uprkos pote\u0161ko\u0107ama i te\u0161kim vremenima.\u00a0<\/span><\/p>\n\t\t\t\t\t\t\t\t\t<\/div>\n\t\t\t<\/div>\n\t\t<\/div>\n\t\n\n\t\t\t\t\n\t\t<div class=\"section\">\t\t\t\n\t\t\t<div class=\" split-right\" style=\"background: url('https:\/\/acetik.rs\/wp-content\/uploads\/2020\/12\/PRIRODA.png') ;\">\n\t\t\t\t\t\t\t\t\n\t\t\t\t\n\t\t\t\t\t\t\t\t\t\t\t\t\t\t\t\t\n\t\t\t<\/div>\n\t\t\t<div class=\"split-right dark-background\" style=\"background-color: #ffffff;\">\n\t\t\t\t\t\t\t\t<div class=\"split-text-wrap\">\n\t\t\t\t\t<div class=\"title-text-center bigger-margin\">\n\t\t\t\t\t\t<h5 style=\"color: #000000;\">EKOLO\u0160KA ODGOVORNOST<\/h5>\n\t\t\t\t\t\t\t\t\t\t\t<\/div>\n\t\t\t\t\t<p style=\"color: #000000;\">Akcionarsko dru\u0161tvo HI Destilacija Tesli\u0107 je simbol dugoro\u010dne i uspe\u0161ne saradnje \u010doveka i prirode. Ve\u0107 120 godina uspe\u0161no sara\u0111ujemo sa prirodom, po\u0161tovanjem i o\u010duvanjem okoline. Na\u0161i proizvodi su potpuno prirodnog porekla. Osnovna sirovina na\u0161ih proizvoda je drvo. Odgovorno vr\u0161imo nabavku drveta, vode\u0107i ra\u010duna da ne doprinesemo sve \u010de\u0161\u0107oj praksi neodgovorne se\u010de \u0161uma. Iz tog razloga posedujemo i FSC sertifikat, kojim garantujemo da na\u0161e drvo poti\u010de iz \u0161uma kojima se upravlja na odr\u017eiv na\u010din i koje se kontinuirano obnavljaju.<\/p>\n\t\t\t\t\t\t\t\t\t<\/div>\n\t\t\t<\/div>\n\t\t<\/div>\n\t\n\n\t\t\t\t\n\t\t<div class=\"section\">\t\t\t\n\t\t\t<div class=\" split-left\" style=\"background: url('https:\/\/acetik.rs\/wp-content\/uploads\/2020\/12\/PRIRODA1.png') ;\">\n\t\t\t\t\t\t\t\t\n\t\t\t\t\n\t\t\t\t\t\t\t\t\t\t\t\t\t\t\t\t\n\t\t\t<\/div>\n\t\t\t<div class=\"split-left dark-background\" style=\"\">\n\t\t\t\t\t\t\t\t<div class=\"split-text-wrap\">\n\t\t\t\t\t<div class=\"title-text-center bigger-margin\">\n\t\t\t\t\t\t<h5>DRVENI UGALJ<\/h5>\n\t\t\t\t\t\t\t\t\t\t\t<\/div>\n\t\t\t\t\t<p>Drveni ugalj se proizvodi postupkom suve destilacije listopadnih vrsta drveta. U vertikalnoj retorti i savremenim horizontalnim pe\u0107ima obra\u0111ujemo hrast, bukvu i grab. Godi\u0161nje proizvedemo oko 14.000 tona drvenog uglja i vi\u0161e od 4.000 tona pra\u0161ine drvenog uglja koju preradom pretvaramo u brikete. Na\u0161 drveni ugalj je visoko kvalitetan, brzo se pretvara u \u017ear i osloba\u0111a velike koli\u010dine toplote. Primjenjuje se u industriji fero-legura (reduktor), hemijskoj industriji (proizvodnja aktivnog uglja) i doma\u0107instvu (gril).<\/p>\n\t\t\t\t\t<a href=\"https:\/\/acetik.rs\/index.php\/ugalj\/\" target=\"_blank\"><div class=\"sign link-sign-cosmetics\">SAZNAJ VI\u0160E<span>\uf178<\/span><\/div><\/a>\t\t\t\t<\/div>\n\t\t\t<\/div>\n\t\t<\/div>\n\t\n\n\t\t\t\t\n\t\t<div class=\"section\">\t\t\t\n\t\t\t<div class=\" split-right\" style=\"background: url('https:\/\/acetik.rs\/wp-content\/uploads\/2020\/12\/PRIRODA11.png') ;\">\n\t\t\t\t\t\t\t\t\n\t\t\t\t\n\t\t\t\t\t\t\t\t\t\t\t\t\t\t\t\t\n\t\t\t<\/div>\n\t\t\t<div class=\"split-right dark-background\" style=\"background-color: #ffffff;\">\n\t\t\t\t\t\t\t\t<div class=\"split-text-wrap\">\n\t\t\t\t\t<div class=\"title-text-center bigger-margin\">\n\t\t\t\t\t\t<h5 style=\"color: #000000;\">SIR\u0106E<\/h5>\n\t\t\t\t\t\t\t\t\t\t\t<\/div>\n\t\t\t\t\t<p style=\"color: #000000;\">Sir\u0107etna kiselina, odnosno acetatna kiselina, dobija se, tako\u0111e, suvom destilacijom drveta. Iako se danas samo 10% svetske proizvodnje sir\u0107etne kiseline dobija biolo\u0161kim putem, na\u0161a tradicija i misija su proizvodi prirodnog porekla. Zdravija je, postojanija, a proces proizvodnje je ekolo\u0161ki podoban. Visok kvalitet i postojanost na\u0161e sir\u0107etne kiseline osigurava visoku tr\u017ei\u0161nu potra\u017enju kako u doma\u0107instvima, kao prehrambeni proizvod, tako i kod industrijskih proizvo\u0111a\u010da, za dalju preradu. Ispunjava propis Evropskog standarda EN 13189, kvalitet za prehrambenu upotrebu, ali i tehni\u010dki kvalitet zahteva potro\u0161a\u010da.<\/p>\n\t\t\t\t\t<a href=\"https:\/\/acetik.rs\/index.php\/sircetna-kiselina\/\" target=\"_blank\"><div class=\"sign link-sign-cosmetics\">SAZNAJ VI\u0160E<span>\uf178<\/span><\/div><\/a>\t\t\t\t<\/div>\n\t\t\t<\/div>\n\t\t<\/div>\n\t\n[\/vc_column][\/vc_row][vc_row fullwidth=&#8220;yes&#8220;][vc_column width=&#8220;1\/2&#8243; offset=&#8220;vc_hidden-lg vc_hidden-md&#8220;][vc_single_image image=&#8220;4507&#8243; img_size=&#8220;full&#8220;][\/vc_column][vc_column width=&#8220;1\/2&#8243; offset=&#8220;vc_hidden-lg vc_hidden-md&#8220;][vc_column_text el_class=&#8220;tekst2&#8243;]<\/p>\n<p style=\"text-align: center;\"><strong>MISIJA I VIZIJA<\/strong><\/p>\n<p>&nbsp;<\/p>\n<p><span class=\"fontstyle0\">\u00a0Davne 1896. godine izgra\u0111ena je i po\u010dela sa radom HI Destilacija Tesli\u0107. Bila je to prva fabrika u regionu za hemijsku preradu drveta postupkom suve destilacije. Na\u0161a industrija je svojim osnivanjem unela inovativnost i duh napretka, a upravo sa njenim radom zapo\u010dinje i nastanak i formiranje grada Tesli\u0107a, veza\u00a0 koja nikada nije raskinuta. Ponosimo se dugom i bogatom tradicijom kao i \u010dinjenicom da smo odoleli mnogim izazovima i nastavili sa radom uprkos pote\u0161ko\u0107ama i te\u0161kim vremenima.\u00a0<\/span>[\/vc_column_text][\/vc_column][\/vc_row][vc_row fullwidth=&#8220;yes&#8220;][vc_column width=&#8220;1\/2&#8243; offset=&#8220;vc_hidden-lg vc_hidden-md&#8220;][vc_single_image image=&#8220;3217&#8243; img_size=&#8220;full&#8220;][\/vc_column][vc_column width=&#8220;1\/2&#8243; offset=&#8220;vc_hidden-lg vc_hidden-md&#8220;][vc_column_text el_class=&#8220;tekst2&#8243;]<\/p>\n<p style=\"text-align: center;\"><strong>ISTORIJA<\/strong><\/p>\n<p>&nbsp;<\/p>\n<p><span class=\"fontstyle0\">\u00a0Davne 1896. godine izgra\u0111ena je i po\u010dela sa radom HI Destilacija Tesli\u0107. Bila je to prva fabrika u regionu za hemijsku preradu drveta postupkom suve destilacije. Na\u0161a industrija je svojim osnivanjem unela inovativnost i duh napretka, a upravo sa njenim radom zapo\u010dinje i nastanak i formiranje grada Tesli\u0107a, veza\u00a0 koja nikada nije raskinuta. Ponosimo se dugom i bogatom tradicijom kao i \u010dinjenicom da smo odoleli mnogim izazovima i nastavili sa radom uprkos pote\u0161ko\u0107ama i te\u0161kim vremenima.\u00a0<\/span>[\/vc_column_text][\/vc_column][\/vc_row][vc_row fullwidth=&#8220;yes&#8220;][vc_column width=&#8220;1\/2&#8243; offset=&#8220;vc_hidden-lg vc_hidden-md&#8220;][vc_single_image image=&#8220;4259&#8243; img_size=&#8220;full&#8220;][\/vc_column][vc_column width=&#8220;1\/2&#8243; offset=&#8220;vc_hidden-lg vc_hidden-md&#8220;][vc_column_text el_class=&#8220;tekst2&#8243;]<\/p>\n<p style=\"text-align: center;\"><strong>EKOLO\u0160KA ODGOVORNOST<\/strong><\/p>\n<p>&nbsp;<\/p>\n<p>Akcionarsko dru\u0161tvo HI Destilacija Tesli\u0107 je simbol dugoro\u010dne i uspe\u0161ne saradnje \u010doveka i prirode. Ve\u0107 120 godina uspe\u0161no sara\u0111ujemo sa prirodom, po\u0161tovanjem i o\u010duvanjem okoline. Na\u0161i proizvodi su potpuno prirodnog porekla. Osnovna sirovina na\u0161ih proizvoda je drvo. Odgovorno vr\u0161imo nabavku drveta, vode\u0107i ra\u010duna da ne doprinesemo sve \u010de\u0161\u0107oj praksi neodgovorne se\u010de \u0161uma. Iz tog razloga posedujemo i FSC sertifikat, kojim garantujemo da na\u0161e drvo poti\u010de iz \u0161uma kojima se upravlja na odr\u017eiv na\u010din i koje se kontinuirano obnavljaju.[\/vc_column_text][\/vc_column][\/vc_row][vc_row fullwidth=&#8220;yes&#8220;][vc_column width=&#8220;1\/2&#8243; offset=&#8220;vc_hidden-lg vc_hidden-md&#8220;][vc_single_image image=&#8220;4295&#8243; img_size=&#8220;full&#8220;][\/vc_column][vc_column width=&#8220;1\/2&#8243; offset=&#8220;vc_hidden-lg vc_hidden-md&#8220;][vc_column_text el_class=&#8220;tekst2&#8243;]<\/p>\n<p style=\"text-align: center;\"><strong>DRVENI UGALJ<\/strong><\/p>\n<p>&nbsp;<\/p>\n<p>Drveni ugalj se proizvodi postupkom suve destilacije listopadnih vrsta drveta. U vertikalnoj retorti i savremenim horizontalnim pe\u0107ima obra\u0111ujemo hrast, bukvu i grab. Godi\u0161nje proizvedemo oko 14.000 tona drvenog uglja i vi\u0161e od 4.000 tona pra\u0161ine drvenog uglja koju preradom pretvaramo u brikete. Na\u0161 drveni ugalj je visoko kvalitetan, brzo se pretvara u \u017ear i osloba\u0111a velike koli\u010dine toplote. Primjenjuje se u industriji fero-legura (reduktor), hemijskoj industriji (proizvodnja aktivnog uglja) i doma\u0107instvu (gril).[\/vc_column_text][\/vc_column][\/vc_row][vc_row fullwidth=&#8220;yes&#8220;][vc_column width=&#8220;1\/2&#8243; offset=&#8220;vc_hidden-lg vc_hidden-md&#8220;][vc_single_image image=&#8220;4298&#8243; img_size=&#8220;full&#8220;][\/vc_column][vc_column width=&#8220;1\/2&#8243; offset=&#8220;vc_hidden-lg vc_hidden-md&#8220;][vc_column_text el_class=&#8220;tekst2&#8243;]<\/p>\n<p style=\"text-align: center;\"><strong>SIR\u0106E<\/strong><\/p>\n<p>&nbsp;<\/p>\n<p>Sir\u0107etna kiselina, odnosno acetatna kiselina, dobija se, tako\u0111e, suvom destilacijom drveta. Iako se danas samo 10% svetske proizvodnje sir\u0107etne kiseline dobija biolo\u0161kim putem, na\u0161a tradicija i misija su proizvodi prirodnog porekla. Zdravija je, postojanija, a proces proizvodnje je ekolo\u0161ki podoban. Visok kvalitet i postojanost na\u0161e sir\u0107etne kiseline osigurava visoku tr\u017ei\u0161nu potra\u017enju kako u doma\u0107instvima, kao prehrambeni proizvod, tako i kod industrijskih proizvo\u0111a\u010da, za dalju preradu. Ispunjava propis Evropskog standarda EN 13189, kvalitet za prehrambenu upotrebu, ali i tehni\u010dki kvalitet zahteva potro\u0161a\u010da.[\/vc_column_text][\/vc_column][\/vc_row]<\/p>\n","protected":false},"excerpt":{"rendered":"<p>[vc_row fullwidth=&#8220;yes&#8220;][vc_column offset=&#8220;vc_hidden-sm vc_hidden-xs&#8220;][\/vc_column][\/vc_row][vc_row fullwidth=&#8220;yes&#8220;][vc_column offset=&#8220;vc_hidden-sm vc_hidden-xs&#8220;][\/vc_column][\/vc_row][vc_row fullwidth=&#8220;yes&#8220;][vc_column width=&#8220;1\/2&#8243; offset=&#8220;vc_hidden-lg vc_hidden-md&#8220;][vc_single_image image=&#8220;4507&#8243; img_size=&#8220;full&#8220;][\/vc_column][vc_column width=&#8220;1\/2&#8243; offset=&#8220;vc_hidden-lg vc_hidden-md&#8220;][vc_column_text el_class=&#8220;tekst2&#8243;] MISIJA I VIZIJA &nbsp; \u00a0Davne 1896. godine izgra\u0111ena je i po\u010dela sa radom HI Destilacija Tesli\u0107. Bila je to prva fabrika u regionu za hemijsku preradu drveta postupkom suve destilacije. Na\u0161a industrija je svojim osnivanjem unela inovativnost i [&hellip;]<\/p>\n","protected":false},"author":1,"featured_media":4467,"parent":0,"menu_order":0,"comment_status":"closed","ping_status":"closed","template":"page-templates\/template-fullwidth.php","meta":{"footnotes":""},"class_list":["post-319","page","type-page","status-publish","has-post-thumbnail","hentry"],"_links":{"self":[{"href":"https:\/\/acetik.rs\/index.php\/wp-json\/wp\/v2\/pages\/319","targetHints":{"allow":["GET"]}}],"collection":[{"href":"https:\/\/acetik.rs\/index.php\/wp-json\/wp\/v2\/pages"}],"about":[{"href":"https:\/\/acetik.rs\/index.php\/wp-json\/wp\/v2\/types\/page"}],"author":[{"embeddable":true,"href":"https:\/\/acetik.rs\/index.php\/wp-json\/wp\/v2\/users\/1"}],"replies":[{"embeddable":true,"href":"https:\/\/acetik.rs\/index.php\/wp-json\/wp\/v2\/comments?post=319"}],"version-history":[{"count":65,"href":"https:\/\/acetik.rs\/index.php\/wp-json\/wp\/v2\/pages\/319\/revisions"}],"predecessor-version":[{"id":3143,"href":"https:\/\/acetik.rs\/index.php\/wp-json\/wp\/v2\/pages\/319\/revisions\/3143"}],"wp:featuredmedia":[{"embeddable":true,"href":"https:\/\/acetik.rs\/index.php\/wp-json\/wp\/v2\/media\/4467"}],"wp:attachment":[{"href":"https:\/\/acetik.rs\/index.php\/wp-json\/wp\/v2\/media?parent=319"}],"curies":[{"name":"wp","href":"https:\/\/api.w.org\/{rel}","templated":true}]}}